-j**2 - 9*j + 10. What are the prime factors of o(-7)?
2, 3
What are the prime factors of -3 + (-4)/6 + (-3857)/(-21)?
2, 3, 5
Let i = -19 - -22. What are the prime factors of i?
3
Suppose -p = -4*p - w + 2, 2*w + 16 = 4*p. Suppose 0*u = p*u + 6. What are the prime factors of 2/(-2)*(u - 0)?
3
Let h(o) = -2*o + 1. List the prime factors of h(-1).
3
Let b be -3 + 2 + 0 + -3. Suppose 2*o + 12 = -2*o. List the prime factors of -3 - -2 - (b + o).
2, 3
Let w(j) = -3*j + 2. Let u(i) = -5*i + 4*i - 6 + i**3 + 3*i**2 - 4*i. Let v be u(-4). What are the prime factors of w(v)?
2
Let d(y) = -y + 18. What are the prime factors of d(-12)?
2, 3, 5
Suppose -11*y + 10*y + 184 = 0. What are the prime factors of y?
2, 23
Suppose u + 4*u - 305 = 0. List the prime factors of u.
61
Let i(v) = v**2 - 3*v + 2. Let x be i(3). Let n be (-1 + (2 - x))*3. Let d(k) = k**3 + 4*k**2 + 2*k + 2. What are the prime factors of d(n)?
5
Let d = -133 + 141. What are the prime factors of d?
2
List the prime factors of (6 + -5)*(1 - -35).
2, 3
Let b = -19 - -9. Let u = 12 - b. List the prime factors of u.
2, 11
Let c(y) = -8*y**2 - y. Let a be c(-1). Let f(k) = -k**3 - 6*k**2 + 6*k - 3. Let t be f(a). Let w = t - -2. What are the prime factors of w?
2, 3
Suppose 0 = -3*j + d + 5 - 3, j + 2*d - 10 = 0. Suppose -j*p = 2*p - 20. What are the prime factors of p?
5
Let l be ((-1)/1)/((-5)/(-20)). Let t(x) = x + 9. List the prime factors of t(l).
5
Let d(g) = -71*g + 7. List the prime factors of d(-3).
2, 5, 11
Let o(k) = 2*k**2 + 3*k + 3. Let m be o(-2). Suppose 5*a - 4*c = 38, a + m*c = -2*a + 45. What are the prime factors of a?
2, 5
Suppose 0 = 5*n - 8 - 2. Suppose -10 - n = -3*z. Suppose i = z*i - 6. List the prime factors of i.
2
Let o = 6 + -1. Suppose -10 = n + 4*v + v, 2*n + 15 = -o*v. Let j = n - -12. List the prime factors of j.
7
List the prime factors of ((-56)/(-7))/(1/14).
2, 7
Let m(x) = 0 - 7*x + 2 + 3*x**2 - 2*x**2 + 1. Let j(n) = n**2 - n. Let o(h) = -2*j(h) + m(h). List the prime factors of o(-4).
7
Let s(h) = -h**3 - 18*h**2 - 17*h + 2. List the prime factors of s(-17).
2
Let o(z) be the third derivative of z**6/120 - 7*z**5/30 + z**4/8 - 4*z**3/3 + z**2. What are the prime factors of o(14)?
2, 17
Let b be ((-3)/(-3))/((-2)/(-86)). Suppose -t + b = 4*u + u, -4*u + 29 = -t. List the prime factors of u + 0 + 2 + 1.
11
Let o(h) = h**2 - 2*h + 5. What are the prime factors of o(6)?
29
Suppose -4*u + 32 = -16. Let z = 0 + u. List the prime factors of z.
2, 3
Let s(u) = -u**3 + 1. Let l(h) = 6*h**2 + h. Let g(d) = l(d) + s(d). What are the prime factors of g(5)?
31
Let w be 7/(-4) - 2/8. Let o be 3*(1 + 2 + w). Suppose -y - 2*c = 11 - 4, -4*y + 27 = -o*c. What are the prime factors of y?
3
Let c be 75/20 - 1/(-4). Let l = 1 - 1. Suppose -5*k = -k + o - 18, l = -c*k - 4*o + 12. What are the prime factors of k?
5
Suppose -b + 76 = -5*f - 23, -b - 3*f + 83 = 0. List the prime factors of b.
89
What are the prime factors of 548/13 - 4/26?
2, 3, 7
Suppose -5*n + 32 + 58 = 0. Suppose 0*l - 3*h = 2*l - 11, 0 = -l - 4*h + n. What are the prime factors of 1/l - (-38)/4?
3
Suppose -35 = -f + r + 136, 5*r = 3*f - 503. List the prime factors of f.
2, 11
Let f be (2 - 5)*(-6)/(-9). What are the prime factors of 101/9 + f/9?
11
What are the prime factors of (-1)/(0 - (-2)/(-118))?
59
Let d(b) = -b. Let x(w) be the second derivative of -w**4/6 - w**3/2 - 2*w. Let r be x(-3). What are the prime factors of d(r)?
3
Let s = 15 + -15. Suppose s = m + 5 - 35. List the prime factors of m.
2, 3, 5
Suppose 0 = -0*q - 2*q + 12. Suppose 3*j - 189 = q*j. List the prime factors of (-2)/(-8) + j/(-4).
2
Let w(d) = d**3 + 7*d**2 + 8*d + 6. Let m be w(-6). Let t = m - -15. Suppose 3*b - 4*b + t = 0. What are the prime factors of b?
3
Let i(y) = -y**3 - 3*y**2 + 2*y + 6. Let f be i(-4). Let z = 11 + f. What are the prime factors of z?
5
Let k(j) = 6*j - 16. List the prime factors of k(19).
2, 7
Suppose 3*g - 11 = 2*m, -m - 3 = g - 5. Suppose 6*y - g*y - 4*s - 47 = 0, 5*s + 16 = -y. List the prime factors of y.
3
Let p(t) = -279*t**3 - t**2 - t - 1. List the prime factors of p(-1).
2, 139
Let o be 7/4*(-16)/(-2). Let j be ((-2)/4)/((-1)/o). What are the prime factors of -3 + j + 1*2?
2, 3
Suppose -5*z + 37 = 3*o, 5 = 2*z - 2*o + 3. Suppose -6 = -5*c + 2*c. What are the prime factors of 1 + z + (c - 4)?
2
Let a(m) = 5*m**3 - 2*m**2 + 3*m. List the prime factors of a(3).
2, 3, 7
Suppose 5*h + 0*h - 4*i = 336, 3*i = 4*h - 268. Suppose -4*j + h = -4*b, -2*b - 33 + 85 = 5*j. What are the prime factors of j?
2, 3
Suppose 5*g - 41 = 484. What are the prime factors of g?
3, 5, 7
Let j = 11 - 7. List the prime factors of 76/10 + j/10.
2
Let w = 932 - 629. List the prime factors of w.
3, 101
Let q(a) = -a**3 + 3*a**2 + 2*a - 4. Suppose -2*w - 13 = -4*o - 35, 0 = o + w - 2. What are the prime factors of q(o)?
2, 11
Let w(j) = -31*j + 2. Let f be w(-2). Suppose 0 = -4*k - q - 3*q + f, 0 = -5*q + 25. Let d = k + -5. List the prime factors of d.
2, 3
Suppose 2*m = -2*f, 5*m = -3*f + m + 5. Let l = f - -9. Suppose 2*d + 1 = -q - 0*q, -l*q + 51 = -3*d. List the prime factors of q.
3
Let h = 18 - 4. Let v = h - 9. List the prime factors of v.
5
Suppose k - f = 5, 4*k - 3*f = -0*f + 19. Suppose 3*a - a = k. Suppose 2*b = -a*r + 26, 5*b + 4*r - 22 = 3*b. What are the prime factors of b?
3, 5
Let z be (-310)/(-18) - 14/63. Suppose -z = -4*h + 43. What are the prime factors of h?
3, 5
Let l(w) = w**3 + 5*w**2 - 6*w + 4. List the prime factors of l(-5).
2, 17
Let r(l) = -l - 5. Let k(u) = -2*u**2 - 4*u - 3. Let m be k(-3). Let o be r(m). Suppose -o*w + 45 = 3*z, 4*z - 3*w = -4*w + 73. What are the prime factors of z?
19
Suppose -4*j - 3 + 15 = 0. List the prime factors of j.
3
Suppose -4*g = 2*w + 14, 2*w + w + 11 = -4*g. Let x(i) = -3*i**2 + 3*i + 6. Let u(y) = y**2 - 1. Let h(j) = 2*u(j) + x(j). List the prime factors of h(w).
2
Suppose 225 = 8*z - 3*z. List the prime factors of z.
3, 5
Suppose 2*j + 17 = -3*o, -8*o + 4*j = -3*o - 1. Suppose 2*q = 2*w + 13 + 13, -5*w + 2*q = 62. Let c = o - w. What are the prime factors of c?
3
Let d(h) = -4*h + 1. What are the prime factors of d(-4)?
17
Suppose -255 = 34*s - 39*s. List the prime factors of s.
3, 17
Suppose -3*u + 552 + 426 = 0. Let v = u - 766. What are the prime factors of 4/14 + v/(-28)?
2
Let w(y) = 3 + y + 1 - 4*y. List the prime factors of w(-4).
2
Suppose -d + 588 = 3*d. List the prime factors of d.
3, 7
Let o(q) = q - 2. Let m be o(4). Let l be 2*((-1845)/(-10))/9. Suppose 3*v + m*f = 27, -3*f = 5*v - l - 3. What are the prime factors of v?
7
Let z(t) = 11*t + 4. List the prime factors of z(2).
2, 13
Suppose -5*f + 30 = 5*g, 14 = 2*f - f + 5*g. Suppose -f*m + 40 + 64 = 0. List the prime factors of m.
2, 13
What are the prime factors of (-1100)/(-6) + 6/(-18)?
3, 61
Let t(j) = j + 1. Let n be t(11). Suppose -n = -5*h + 18. What are the prime factors of h?
2, 3
Suppose j - 174 - 66 = 0. What are the prime factors of j?
2, 3, 5
Let h be -5 + 2 - (-2 + -43). Let c = -24 + h. List the prime factors of c.
2, 3
Let p = 15 + -10. Let c be (-333)/(-15) + 1/(-5). Suppose f + f = -5*w + c, -10 = -p*w - 5*f. List the prime factors of w.
2, 3
Suppose 4*l + y = 181, -2*l - 4*y = -3*l + 58. List the prime factors of l.
2, 23
Suppose 7*p + 175 = -161. Let a = p - -82. What are the prime factors of a?
2, 17
Let k(o) be the third derivative of -o**6/120 - o**5/15 + 3*o**4/8 + o**3/2 + o**2. Let w be k(-6). Suppose -5*r + 14 = -w. What are the prime factors of r?
7
Let s(k) = -k**3 - 9*k**2 - 10*k + 2. Let b be s(-8). Suppose 5*v = 4*v + b. List the prime factors of v.
2, 3
Let x = -259 - -453. What are the prime factors of x?
2, 97
Let v(p) = -10 - 4 + 8*p - 7*p + 2*p. What are the prime factors of v(8)?
2, 5
Let n(z) = z**2 - z + 1. Let r be n(2). Suppose -r*f + 24 = f. List the prime factors of 1 + 0 + f/1.
7
Suppose -5*d = 13 + 42. Suppose 5*t + i = -23, 0*t = 5*t + 3*i + 19. Let n = t - d. What are the prime factors of n?
2, 3
Let f be 1*(1 - 2) + -1. Let n(w) = w**3 + 4*w**2 + 2*w - 1. What are the prime factors of n(f)?
3
Suppose -79 - 14 = -3*a. Suppose -3*p + 5 = -a. List the prime factors of p.
2, 3
Suppose -82 + 17 = -4*j - 5*p, j + 5*p = 5. List the prime factors of j.
